 base 14, what is 1606 - -3d?
1645
In base 15, what is 25 - -1464?
1489
In base 14, what is a4 + 8?
ac
In base 13, what is 1 - -a9853?
a9854
In base 7, what is -3106 + -1464?
-4603
In base 3, what is -1010 - 201122?
-202202
In base 15, what is -78d - -61?
-72c
In base 10, what is 1694894 + 1?
1694895
In base 14, what is -7420 - -30?
-73d0
In base 9, what is -532 + 3050?
2417
In base 13, what is 5a930 + 3?
5a933
In base 9, what is 21337 - 3?
21334
In base 6, what is -211551 - 1?
-211552
In base 7, what is -25 + -45554?
-45612
In base 5, what is -3121400 + 10?
-3121340
In base 13, what is -4 - -55c48?
55c44
In base 15, what is -362c - 5?
-3632
In base 6, what is -120113 + 144?
-115525
In base 16, what is -32b - 3d?
-368
In base 6, what is -11132352 + 0?
-11132352
In base 10, what is 1 + -10146?
-10145
In base 14, what is -10 + 7b37?
7b27
In base 2, what is -10010010010011 - 10?
-10010010010101
In base 2, what is 110 - -1010111100111101?
1010111101000011
In base 6, what is 2022 + 102234?
104300
In base 12, what is 26493 + 9?
264a0
In base 9, what is 1061 - 52?
1008
In base 8, what is 12745 - -11?
12756
In base 7, what is -126306 - -20?
-126256
In base 12, what is 170a + -1a?
16b0
In base 8, what is 44603 + 3?
44606
In base 10, what is -202479 - 0?
-202479
In base 15, what is 267 - 94?
1c3
In base 3, what is -12122111 - 110?
-12122221
In base 16, what is -68e9a - 5?
-68e9f
In base 9, what is 11 - 3840?
-3828
In base 13, what is 4 - -4ac?
4b3
In base 2, what is -1011100101010 - -1010100?
-1011011010110
In base 15, what is 3d - 9d0?
-992
In base 12, what is 3 + 5b925?
5b928
In base 3, what is -2 + 1202002?
1202000
In base 5, what is -1300400 - 2?
-1300402
In base 11, what is 419391 + -2?
41938a
In base 11, what is 4 - 10759?
-10755
In base 9, what is -50 - -4163?
4113
In base 7, what is -64404 - -13?
-64361
In base 2, what is 1101101000111000 + -1?
1101101000110111
In base 6, what is 521 + 14535?
15500
In base 14, what is 4a9 + 64?
52d
In base 8, what is 252573 - -5?
252600
In base 12, what is -3 + -8bb2?
-8bb5
In base 5, what is 10 + -14331343?
-14331333
In base 5, what is 1113303 - 213?
1113040
In base 10, what is -504064 - -4?
-504060
In base 9, what is 5 - -186877?
186883
In base 12, what is -1a73144 - -2?
-1a73142
In base 10, what is -27 + 321?
294
In base 5, what is 2332034 - 14?
2332020
In base 14, what is 5b6944 + -5?
5b693d
In base 15, what is -9 + -169c?
-16a6
In base 15, what is 6024a - 3?
60247
In base 2, what is 10011001000001011 + 1001?
10011001000010100
In base 3, what is -11200210 - -22120?
-11101020
In base 15, what is 2 + -4c57?
-4c55
In base 15, what is -5 - 31b3?
-31b8
In base 7, what is 330320 + 0?
330320
In base 14, what is 2 - 9394?
-9392
In base 16, what is 8e + -609?
-57b
In base 9, what is -6 - 240358?
-240365
In base 15, what is -3 - 47e5?
-47e8
In base 2, what is -101 - 11010101001?
-11010101110
In base 12, what is -868 - 14?
-880
In base 10, what is 5795 + 724?
6519
In base 6, what is -123 + -502300?
-502423
In base 7, what is -5266 + 60?
-5206
In base 4, what is 301 - -13013210?
13020111
In base 12, what is -2 + -210ba?
-21100
In base 14, what is a3315b - -5?
a33162
In base 11, what is -1 - 15320?
-15321
In base 8, what is 15 - -3131?
3146
In base 11, what is -18 - 278?
-295
In base 14, what is -2 + -b4446?
-b4448
In base 11, what is 5521 - -6?
5527
In base 15, what is -e1 - c9?
-1ba
In base 8, what is -4 - 14476?
-14502
In base 8, what is 16 - -46605?
46623
In base 3, what is 1112122022 + -100?
1112121222
In base 7, what is 464210 - 0?
464210
In base 2, what is -111001101000011001 - 1?
-111001101000011010
In base 4, what is -12110200 - 3?
-12110203
In base 11, what is -509 - -79?
-440
In base 9, what is 1100372 - -3?
1100375
In base 5, what is -1342 + 13?
-1324
In base 11, what is 7 - 2100?
-20a4
In base 4, what is -10 + 231132?
231122
In base 14, what is -4ca9 + 162?
-4b47
In base 14, what is 2119 - -1?
211a
In base 10, what is -5 - 87067?
-87072
In base 8, what is -5 + 110363?
110356
In base 11, what is -107 + 24?
-93
In base 5, what is 31422240 - 1?
31422234
In base 8, what is -421107 + 3?
-421104
In base 14, what is 356 - -29?
381
In base 10, what is -14634 - -4?
-14630
In base 14, what is a + 185?
191
In base 3, what is -201011120 - 220?
-201012110
In base 5, what is 20141 + -204?
14432
In base 8, what is 5 - 41162?
-41155
In base 15, what is acc + -15?
ab7
In base 7, what is -24456505 + -4?
-24456512
In base 14, what is 3 - 79254?
-79251
In base 13, what is 18cb1 - -a?
18cbb
In base 8, what is -1077 + 1602?
503
In base 8, what is 230415 - 0?
230415
In base 13, what is c673c - 0?
c673c
In base 4, what is -131022111 - 1?
-131022112
In base 12, what is 7 + 2b82?
2b89
In base 3, what is 2221220211 + -11?
2221220200
In base 4, what is -330020 + 2?
-330012
In base 9, what is -15 + 1423?
1407
In base 2, what is -110011101000111111 - 10?
-110011101001000001
In base 6, what is -331 + -443?
-1214
In base 2, what is 0 + 101111101001111011?
101111101001111011
In base 12, what is 1bb - 482?
-283
In base 3, what is 2022 - 1110122?
-1101100
In base 9, what is -320 - 88?
-418
In base 2, what is -11110100001 - -101011?
-11101110110
In base 6, what is -100442 + 1552?
-54450
In base 5, what is 2141142 - 0?
2141142
In base 10, what is 351651 + 5?
351656
In base 6, what is -122 - 15041?
-15203
In base 9, what is -223 - 344?
-567
In base 5, what is 4 - 143442?
-143433
In base 13, what is -4b3 - -20?
-493
In base 7, what is -5 - 2125660?
-2125665
In base 7, what is 23513 + -123?
23360
In base 4, what is -3 + -31031231?
-31031300
In base 10, what is 46 + -2401?
-2355
In base 15, what is 246a - -31?
249b
In base 14, what is 18c4 + 24d?
1b33
In base 7, what is 16 - -10112?
10131
In base 9, what is -35 + -1880?
-2025
In base 15, what is -4ee - 45e?
-95d
In base 15, what is 6 + -259d2?
-259cb
In base 16, what is -52a - -2b?
-4ff
In base 10, what is 27965 + -5?
27960
In base 9, what is 3 + 55562?
55565
In base 14, what is 1277d - -1?
12780
In base 11, what is -18a7840 + -1?
-18a7841
In base 12, what is 52740 + -5?
52737
In base 14, what is 18c40 + 0?
18c40
In base 15, what is 290 + 9?
299
In base 10, what is 0 - 1016?
-1016
In base 11, what is 33 - -94a?
982
In base 5, what is -1 + 42433?
42432
In base 6, what is 142 - 5332?
-5150
In base 8, what is -5 - -236534?
236527
In base 6, what is -3 - 23254432?
-23254435
In base 9, what is -13 - -6383?
6370
In base 12, what is a9 + 851?
93a
In base 9, what is -11 - 7350?
-7361
In base 9, what is -10423 + -4?
-10427
In base 2, what is 11011001111011011101 - 10?
11011001111011011011
In base 7, what is 4602 - 66?
4503
In base 16, what is 14b + -15d?
-12
In base 6, what is -4550251 - -12?
-4550235
In base 7, what is -1 - -113013?
113012
In base 13, what is 15c - -293?
422
In base 14, what is 1060 - 7?
1057
In base 16, what is -1b7c + 6?
-1b76
In base 15, what is -3 + 13960?
1395c
In base 6, what is -33142 + 40?
-33102
In base 4, what is -12301 + 10311222?
10232321
In base 7, what is 425 + -13663?
-13235
In base 12, what is 40 - 1989?
-1949
In base 4, what is -31021111 - -3?
-31021102
In base 9, what is -52 + -101001?
-101053
In base 10, what is 64020 - -8?
64028
In base 7, what is 25 + 10322?
10350
In base 16, what is 14a2f + -3?
14a2c
In base 11, what is -563431 + 3?
-563429
In base 6, what is -1251 + -110124?
-111415
In base 11, what is 3 - 48918?
-48915
In base 2, what is -111010001 + 1001011?
-110000110
In base 7, what is -11422 - -1125?
-10264
In base 12, what is -14 - 3991?
-39a5
In base 5, what is 2 - -20440240?
20440242
In base 12, what is -126667 - 3?
-12666a
In base 5, what is 31202 + 1401?
33103
In base 13, what is 3 - -4aa4?
4aa7
In base 9, what is -234 + -13565?
-13810
In base 16, what is 33 - -2a2?
2d5
In base 4, what is 30322 + 201121?
232103
In base 10, what is -365127 - -2?
-365125
In base 2, what is 1110010 - -1101001001101?
1101010111111
In base 13, what is 5 + -883c?
-8837
In base 4, what is 23000321 + 202?
23001123
In base 16, what is 5 + 2e2e?
2e33
In base 12, what is 11 - 2940b?
-293ba
In base 9, what is 7 - 137?
-130
In base 5, what is -201110 - -2?
-201103
In base 2, what is 100 - 101001011100001011111?
-101001011100001011011
In base 11, what is 1a69 + -18?
1a51
In base 6, 